 is the remainder when 359 is divided by 46?
37
What is the remainder when 300 is divided by 121?
58
What is the remainder when 107 is divided by 37?
33
What is the remainder when 647 is divided by 323?
1
Calculate the remainder when 1010 is divided by 46.
44
What is the remainder when 103 is divided by 53?
50
What is the remainder when 2661 is divided by 18?
15
Calculate the remainder when 60 is divided by 24.
12
Calculate the remainder when 6300 is divided by 45.
0
Calculate the remainder when 1712 is divided by 124.
100
Calculate the remainder when 24 is divided by 13.
11
Calculate the remainder when 277 is divided by 14.
11
Calculate the remainder when 418 is divided by 30.
28
Calculate the remainder when 130 is divided by 24.
10
Calculate the remainder when 1134 is divided by 45.
9
Calculate the remainder when 407 is divided by 51.
50
Calculate the remainder when 2020 is divided by 156.
148
Calculate the remainder when 1500 is divided by 79.
78
What is the remainder when 1255 is divided by 42?
37
Calculate the remainder when 188 is divided by 171.
17
What is the remainder when 80 is divided by 18?
8
Calculate the remainder when 139 is divided by 62.
15
Calculate the remainder when 13379 is divided by 15.
14
What is the remainder when 406 is divided by 69?
61
Calculate the remainder when 954 is divided by 46.
34
Calculate the remainder when 84 is divided by 64.
20
What is the remainder when 317 is divided by 86?
59
Calculate the remainder when 353 is divided by 65.
28
Calculate the remainder when 96 is divided by 29.
9
Calculate the remainder when 681 is divided by 38.
35
Calculate the remainder when 113 is divided by 31.
20
Calculate the remainder when 1509 is divided by 168.
165
Calculate the remainder when 3243 is divided by 17.
13
What is the remainder when 726 is divided by 121?
0
What is the remainder when 160 is divided by 82?
78
Calculate the remainder when 338 is divided by 54.
14
What is the remainder when 3044 is divided by 84?
20
Calculate the remainder when 164 is divided by 1.
0
What is the remainder when 8084 is divided by 1615?
9
What is the remainder when 1056 is divided by 106?
102
What is the remainder when 896 is divided by 75?
71
Calculate the remainder when 295 is divided by 37.
36
Calculate the remainder when 60 is divided by 12.
0
What is the remainder when 429 is divided by 219?
210
What is the remainder when 2086 is divided by 70?
56
What is the remainder when 2997 is divided by 1?
0
What is the remainder when 186 is divided by 21?
18
What is the remainder when 541 is divided by 292?
249
What is the remainder when 35 is divided by 3?
2
What is the remainder when 347 is divided by 14?
11
What is the remainder when 2885 is divided by 92?
33
Calculate the remainder when 349 is divided by 86.
5
What is the remainder when 170 is divided by 82?
6
What is the remainder when 323 is divided by 218?
105
What is the remainder when 646 is divided by 54?
52
Calculate the remainder when 473 is divided by 120.
113
What is the remainder when 227 is divided by 27?
11
Calculate the remainder when 154 is divided by 48.
10
Calculate the remainder when 83 is divided by 76.
7
What is the remainder when 597 is divided by 6?
3
Calculate the remainder when 526 is divided by 12.
10
What is the remainder when 742 is divided by 62?
60
Calculate the remainder when 1438 is divided by 16.
14
Calculate the remainder when 139 is divided by 14.
13
Calculate the remainder when 219 is divided by 20.
19
What is the remainder when 116 is divided by 43?
30
Calculate the remainder when 1638 is divided by 402.
30
What is the remainder when 614 is divided by 4?
2
Calculate the remainder when 2977 is divided by 1488.
1
What is the remainder when 467 is divided by 21?
5
Calculate the remainder when 212 is divided by 91.
30
Calculate the remainder when 4289 is divided by 37.
34
What is the remainder when 662 is divided by 329?
4
What is the remainder when 7468 is divided by 325?
318
Calculate the remainder when 109 is divided by 20.
9
Calculate the remainder when 931 is divided by 245.
196
Calculate the remainder when 723 is divided by 22.
19
Calculate the remainder when 361 is divided by 117.
10
What is the remainder when 139 is divided by 42?
13
What is the remainder when 8089 is divided by 34?
31
Calculate the remainder when 537 is divided by 12.
9
What is the remainder when 235 is divided by 79?
77
What is the remainder when 2255 is divided by 12?
11
What is the remainder when 121 is divided by 16?
9
Calculate the remainder when 504 is divided by 85.
79
What is the remainder when 671 is divided by 104?
47
Calculate the remainder when 231 is divided by 112.
7
What is the remainder when 82 is divided by 33?
16
Calculate the remainder when 115 is divided by 30.
25
What is the remainder when 1544 is divided by 115?
49
What is the remainder when 161 is divided by 38?
9
What is the remainder when 158 is divided by 28?
18
Calculate the remainder when 447 is divided by 32.
31
Calculate the remainder when 465 is divided by 19.
9
Calculate the remainder when 4192 is divided by 1395.
7
What is the remainder when 8 is divided by 2?
0
What is the remainder when 1269 is divided by 4?
1
Calculate the remainder when 18 is divided by 1.
0
Calculate the remainder when 245 is divided by 38.
17
What is the remainder when 771 is divided by 45?
6
What is the remainder when 218 is divided by 44?
42
Calculate the remainder when 5335 is divided by 9.
7
Calculate the remainder when 22 is divided by 8.
6
What is the remainder when 302 is divided by 106?
90
Calculate the remainder when 435 is divided by 19.
17
What is the remainder when 121 is divided by 6?
1
Calculate the remainder when 459 is divided by 159.
141
What is the remainder when 674 is divided by 115?
99
What is the remainder when 61 is divided by 24?
13
What is the remainder when 695 is divided by 8?
7
What is the remainder when 619 is divided by 7?
3
Calculate the remainder when 142 is divided by 37.
31
Calculate the remainder when 25 is divided by 15.
10
What is the remainder when 223 is divided by 23?
16
What is the remainder when 41 is divided by 21?
20
Calculate the remainder when 444 is divided by 67.
42
What is the remainder when 451 is divided by 115?
106
Calculate the remainder when 117 is divided by 40.
37
Calculate the remainder when 17 is divided by 6.
5
What is the remainder when 476 is divided by 154?
14
Calculate the remainder when 193 is divided by 14.
11
Calculate the remainder when 90 is divided by 5.
0
What is the remainder when 2684 is divided by 10?
4
Calculate the remainder when 35454 is divided by 64.
62
What is the remainder when 4652 is divided by 19?
16
Calculate the remainder when 1014 is divided by 502.
10
Calculate the remainder when 214 is divided by 68.
10
Calculate the remainder when 222 is divided by 67.
21
What is the remainder when 5076 is divided by 1692?
0
What is the remainder when 242 is divided by 31?
25
Calculate the remainder when 845 is divided by 11.
9
What is the remainder when 208 is divided by 55?
43
Calculate the remainder when 444 is divided by 45.
39
Calculate the remainder when 6751 is divided by 53.
20
Calculate the remainder when 75 is divided by 50.
25
What is the remainder when 2367 is divided by 132?
123
What is the remainder when 513 is divided by 29?
20
What is the remainder when 587 is divided by 12?
11
Calculate the remainder when 278 is divided by 9.
8
Calculate the remainder when 99 is divided by 55.
44
Calculate the remainder when 127 is divided by 62.
3
Calculate the remainder when 2137 is divided by 23.
21
Calculate the remainder when 3401 is divided by 243.
242
What is the remainder when 151 is divided by 7?
4
What is the remainder when 174 is divided by 59?
56
Calculate the remainder when 1918 is divided by 324.
298
What is the remainder when 564 is divided by 26?
18
What is the remainder when 5851 is divided by 19?
18
Calculate the remainder when 5918 is divided by 4.
2
What is the remainder when 33 is divided by 5?
3
Calculate the remainder when 886 is divided by 476.
410
Calculate the remainder when 1429 is divided by 65.
64
What is the remainder when 238 is divided by 46?
8
What is the remainder when 193 is divided by 20?
13
What is the remaind